termine d(-212).
-3
Let z(i) = i**2 + 28795*i - 192. Determine z(0).
-192
Let s(p) = -39*p - 3081. Calculate s(-57).
-858
Let m(y) = 1215519*y + 10939677. Give m(-9).
6
Let s(k) = -k**2 + 26317*k + 2191195. What is s(-83)?
-5
Let k(j) = j**2 - 118*j + 2106. Determine k(22).
-6
Let q(s) = 4*s**3 - 10*s**2 + 26*s - 119. Give q(7).
945
Let g(f) = -f**2 + 618*f - 33312. Calculate g(59).
-331
Let t(p) = p**3 + 19*p**2 + 342*p + 2266. What is t(-9)?
-2
Let c(m) = -9*m**3 - 24*m**2 - 60*m + 335. Calculate c(7).
-4348
Let b(r) = 869*r + 39119. Give b(-45).
14
Let u(i) = -i**2 - 272*i + 17234. Give u(53).
9
Let x(v) = -734*v**2 + 203324*v - 1672. What is x(277)?
-10
Let j(o) = 108*o - 11113. Determine j(109).
659
Let l(f) = -2*f**3 + 25*f**2 - 91*f + 993. Determine l(12).
45
Let n(v) = -20*v**2 - 5938*v - 29507. Calculate n(-5).
-317
Let m(a) = 349*a - 54990. Determine m(158).
152
Let l(x) = -9*x**2 - 185*x - 1077. Give l(-8).
-173
Let r(k) = -21*k**2 + 395*k + 1401. Calculate r(-3).
27
Let g(x) = -60326*x + 1085866. Determine g(18).
-2
Let s(z) = 115*z**2 + 223*z + 190. Determine s(-1).
82
Let w(u) = 2096*u - 19299. What is w(9)?
-435
Let l(n) = 4*n**3 + 2412*n**2 - 233*n - 140489. Give l(-603).
10
Let m(v) = -53*v**2 - 317*v + 199. Calculate m(-7).
-179
Let l(k) = 3*k**3 + 154*k**2 + 866*k + 172. What is l(-6)?
-128
Let k(u) = -8*u**3 + 17. Give k(4).
-495
Let h(p) = -1784290*p - 8921435. What is h(-5)?
15
Let u(k) = 10695*k**2 - 53483*k + 21. Determine u(5).
-19
Let b(w) = -4*w**3 + 38*w**2 - 319*w + 515. Determine b(2).
-3
Let y(a) = -32021*a + 64029. What is y(2)?
-13
Let r(v) = -150*v**2 + 464*v - 63. Give r(3).
-21
Let v(y) = 289109*y + 2023769. Give v(-7).
6
Let m(i) = -72*i**2 - 37601*i - 46402. Determine m(-521).
-33
Let i(y) = -y**3 - 6*y**2 + 75*y - 140. Determine i(-17).
1764
Let m(s) = -7*s**3 + 89*s**2 - 16*s - 22. Determine m(12).
506
Let a(l) = 3*l**2 - 6794*l - 2044678. Give a(-269).
-9
Let o(d) = -3*d**3 - 52*d**2 + 2912*d + 39. What is o(-41)?
-2
Let l(y) = -21847*y + 131074. Determine l(6).
-8
Let j(x) = -5*x**2 - 577*x + 6951. Determine j(11).
-1
Let h(s) = -3*s**3 + s**2 + 303*s + 914. Give h(-3).
95
Let u(o) = 57589*o - 403044. Calculate u(7).
79
Let s(k) = 16*k**2 - 203*k - 1182. Calculate s(18).
348
Let u(a) = 3*a**3 + 10*a**2 - 142*a + 204. Give u(-9).
105
Let n(m) = -3*m**3 + 38*m**2 - 115*m + 212. Calculate n(10).
-138
Let i(y) = -6268*y - 62643. What is i(-10)?
37
Let q(r) = -8*r**2 + 234*r - 1272. Give q(22).
4
Let g(u) = 5*u**2 - 284*u - 744. What is g(59)?
-95
Let n(i) = 11*i**2 - 389*i - 15310. Determine n(59).
30
Let a(v) = -604*v**2 - 1057*v - 2119. Give a(-2).
-2421
Let r(d) = -120155*d - 2523247. Determine r(-21).
8
Let i(o) = -o**3 + 25*o**2 + 1169*o + 414. Determine i(49).
71
Let u(k) = 56*k**3 + 445*k**2 + 9*k + 43. Give u(-8).
-221
Let l(d) = d**3 - 84*d**2 + 77*d + 1556. Give l(83).
1058
Let n(x) = 798*x + 5706. Calculate n(-7).
120
Let k(q) = 410*q**2 - 28698*q - 143. What is k(70)?
-3
Let l(a) = 272*a**2 + 1084*a - 29. Calculate l(-4).
-13
Let j(f) = 440*f + 50. Calculate j(-4).
-1710
Let k(s) = 6302*s + 378122. Calculate k(-60).
2
Let j(v) = -11518*v - 161140. What is j(-14)?
112
Let p(k) = k**3 + 175*k**2 - 1689*k - 5937. Calculate p(-184).
135
Let l(f) = -f**2 - 500*f - 17208. Determine l(-37).
-77
Let j(g) = 395*g**2 + 184*g - 356. What is j(2)?
1592
Let q(x) = x**3 + 4*x**2 - 173*x + 26. Give q(-15).
146
Let o(k) = 12249*k + 208238. Determine o(-17).
5
Let f(w) = -w**2 + 111*w + 220. Calculate f(113).
-6
Let q(t) = -4*t**2 - 884*t - 40202. Calculate q(-157).
-10
Let j(t) = -t**3 - 266*t**2 + 4*t - 250. What is j(0)?
-250
Let d(o) = 2*o**3 + 54*o**2 + 123*o + 1027. What is d(-26)?
-819
Let v(t) = 153671*t + 614726. Calculate v(-4).
42
Let p(a) = -a**3 + 50*a**2 - 608*a + 91. Determine p(20).
-69
Let r(k) = 3*k**3 + 3*k**2 - 1130*k - 6699. Give r(-6).
-459
Let d(o) = 8330*o - 158621. Determine d(19).
-351
Let s(h) = -3*h**3 - 5*h**2 - 24*h + 34. Give s(4).
-334
Let x(t) = 40*t**2 + 552*t + 4333. Determine x(-8).
2477
Let w(m) = 2793*m**2 - 33499*m - 205. What is w(12)?
-1
Let h(w) = -6242*w**2 + 50037*w - 816. What is h(8)?
-8
Let c(l) = 4*l**2 + 24569*l - 147447. Determine c(6).
111
Let b(z) = -2*z**3 - 34*z**2 - 121*z - 2061. Give b(-17).
-4
Let n(l) = -l**2 + 3015*l + 168293. Determine n(-55).
-557
Let k(q) = 5*q**2 - 771*q + 27634. Give k(99).
310
Let u(o) = -1328*o - 34517. Give u(-26).
11
Let t(m) = -m**2 + 738*m - 120560. Calculate t(244).
-24
Let r(y) = -1499*y - 9002. What is r(-6)?
-8
Let d(c) = 7*c**3 - 26*c**2 - 99*c + 148. What is d(-7)?
-2834
Let q(a) = -a**3 + 14*a**2 - 50*a + 33. Give q(13).
-448
Let g(p) = -p**2 + 647*p - 23691. Determine g(39).
21
Let o(z) = 5104*z - 19681. Give o(4).
735
Let v(h) = 717*h + 2222. Give v(-3).
71
Let k(u) = 3*u**3 - 60*u**2 + 69*u - 112. Determine k(19).
116
Let v(g) = 213*g - 12104. What is v(51)?
-1241
Let x(q) = 460*q - 22577. Calculate x(45).
-1877
Let t(g) = 2951*g**2 + 728897*g - 14. Determine t(-247).
-14
Let l(m) = -m**3 - 707*m**2 - 560*m + 103069. Calculate l(-706).
-7
Let a(r) = -546*r + 10914. Give a(20).
-6
Let d(g) = -4*g**3 + 61*g**2 - 220*g - 116. Calculate d(8).
-20
Let l(v) = -144887*v - 11301187. Determine l(-78).
-1
Let i(d) = 2*d**3 - 476*d**2 - 949*d - 3748. What is i(240)?
-1108
Let i(b) = -8122*b - 706608. Give i(-87).
6
Let b(l) = l**3 - 975*l**2 - 7890*l - 204. Determine b(-8).
4
Let z(s) = -6*s**2 - 1087*s + 8202. Give z(-187).
1657
Let s(w) = -w**2 - 92*w - 1630. Determine s(-69).
-43
Let r(f) = -67818*f - 1220749. What is r(-18)?
-25
Let v(h) = h**3 + 65*h**2 - 926*h + 60. Give v(-77).
214
Let x(s) = -2*s**3 + 254*s**2 + 717*s + 8178. Calculate x(130).
-12
Let b(t) = -107407*t + 537035. Give b(5).
0
Let t(g) = -9*g**2 - 196*g - 1659. What is t(-8)?
-667
Let j(n) = -n**2 + 168*n + 9804. Give j(-46).
-40
Let i(z) = -9054*z + 135854. Calculate i(15).
44
Let r(u) = 14*u**2 + 1285*u - 164. Calculate r(-92).
112
Let r(o) = 372*o - 1423. Give r(2).
-679
Let m(w) = 10*w**2 - 632*w - 488. Calculate m(64).
24
Let h(f) = 513*f + 28243. Give h(-55).
28
Let z(t) = 366*t + 3635. Give z(-9).
341
Let b(z) = -2730*z - 32831. What is b(-12)?
-71
Let l(x) = 7*x**3 + 31*x**2 + 25*x + 181. Calculate l(-6).
-365
Let g(s) = -6299*s**2 + 629903*s - 296. What is g(100)?
4
Let s(q) = 3*q**2 - 323*q + 4317. Calculate s(14).
383
Let o(u) = -u**2 - 72716*u + 436364. Give o(6).
32
Let n(z) = -5656*z + 28272. Give n(5).
-8
Let d(x) = 2068*x + 24587. What is d(-12)?
-229
Let c(b) = -b**3 + 77*b**2 - 833*b + 15. Calculate c(13).
2
Let r(h) = h**3 + 15*h**2 - 230*h - 3447. What is r(-14)?
-31
Let m(o) = -459*o - 13951. Determine m(-39).
3950
Let i(d) = 719254*d - 5034749. Determine i(7).
29
Let a(p) = 13*p**3 - 1871*p**2 - 143*p - 33. Determine a(144).
111
Let l(p) = -1182*p**2 + 94531*p + 2339. Determine l(80).
19
Let m(b) = 2*b**3 + 188*b**2 - 384*b + 325. Calculate m(-96).
325
Let p(m) = -80074*m - 80054. What is p(-1)?
20
Let z(a) = 228*a**2 - 102863*a + 15785. Determine z(451).
0
Let u(l) = 114*l + 235. What is u(-6)?
-449
Let z(l) = 903*l + 89836. Calculate z(-100).
-464
Let b(f) = -3660*f - 479454. What is b(-131)?
6
Let d(b) = -16*b**3 + 561*b**2 + 968*b - 35087. Give d(35).
18
Let h(y) = -y**3 - 21*y**2 + 82*y + 834. Determine h(-23).
6
Let u(m) = -180*m - 2. Give u(2).
-362
Let u(g) = 482*g**3 + 4*g**2 - 20*g + 31. Calculate u(2).
3863
Let k(z) = -16*z**2 + 185*z - 1. Determine k(0).
-1
Let t(u) = 6853*u - 781246. Give t(114).
-4
Let m(s) = -35*s**2 - 6188*s + 6834. Calculate m(-178).
-642
Let k(p) = -2*p**2 - 77*p + 1145. What is k(-57)?
-964
Let p(c) = -8*c**2 + 1823*c + 71551. Calculate p(262).
25
Let b(y) = 168*y - 6110. Calculate b(54).
2962
Let s(a) = a**2 - 1153942*a - 1153941. Calculate s(-1).
2
Let r(z) = 166511*z + 1498603. Determine r(-9).
4
Let z(m) = 52*m**2 - 159*m + 314. Determine z(2).
204
Let g(l) = 1071*l - 15711. What is g(16)?
1425
Let j(s) = 119*s**2 - 158*s + 31. What is j(3)?
628
Let n(p) = -38533*p - 115621. Determine n(-3).
-22
Let m(i) = i**3 - 128*i**2 - 1243*i - 3241. What is m(137)?
-4611
Let l(f) = -277*f + 68528. Calculate l(249).
-445
Let z(h) = 105*h + 6071. Give z(-63).
-544
Let h(d) = 12*d**2 + 946*d - 14326. De